[INFO] cloning repository https://github.com/sam-roth/kilo-rust
[INFO] running `Command { std: "git" "-c" "credential.helper=" "-c" "credential.helper=/workspace/cargo-home/bin/git-credential-null" "clone" "--bare" "https://github.com/sam-roth/kilo-rust" "/workspace/cache/git-repos/https%3A%2F%2Fgithub.com%2Fsam-roth%2Fkilo-rust", kill_on_drop: false }`
[INFO] [stderr] Cloning into bare repository '/workspace/cache/git-repos/https%3A%2F%2Fgithub.com%2Fsam-roth%2Fkilo-rust'...
[INFO] running `Command { std: "git" "rev-parse" "HEAD", kill_on_drop: false }`
[INFO] [stdout] 411ae3e6a563c034a332e88048f66279cdc45b82
[INFO] checking sam-roth/kilo-rust against master#cfbc6d4cf1acbac5c025acf8ed68929caa551df3 for pr-75494-beta
[INFO] running `Command { std: "git" "clone" "/workspace/cache/git-repos/https%3A%2F%2Fgithub.com%2Fsam-roth%2Fkilo-rust" "/workspace/builds/worker-5/source", kill_on_drop: false }`
[INFO] [stderr] Cloning into '/workspace/builds/worker-5/source'...
[INFO] [stderr] done.
[INFO] validating manifest of git repo https://github.com/sam-roth/kilo-rust on toolchain cfbc6d4cf1acbac5c025acf8ed68929caa551df3
[INFO] running `Command { std: "/workspace/cargo-home/bin/cargo" "+cfbc6d4cf1acbac5c025acf8ed68929caa551df3" "read-manifest" "--manifest-path" "Cargo.toml", kill_on_drop: false }`
[INFO] started tweaking git repo https://github.com/sam-roth/kilo-rust
[INFO] finished tweaking git repo https://github.com/sam-roth/kilo-rust
[INFO] tweaked toml for git repo https://github.com/sam-roth/kilo-rust written to /workspace/builds/worker-5/source/Cargo.toml
[INFO] crate git repo https://github.com/sam-roth/kilo-rust already has a lockfile, it will not be regenerated
[INFO] running `Command { std: "/workspace/cargo-home/bin/cargo" "+cfbc6d4cf1acbac5c025acf8ed68929caa551df3" "fetch" "--locked" "--manifest-path" "Cargo.toml", kill_on_drop: false }`
[INFO] [stderr] error: the lock file /workspace/builds/worker-5/source/Cargo.lock needs to be updated but --locked was passed to prevent this
[INFO] [stderr] If you want to try to generate the lock file without accessing the network, use the --offline flag.
[INFO] the lockfile is outdated, regenerating it
[INFO] running `Command { std: "/workspace/cargo-home/bin/cargo" "+cfbc6d4cf1acbac5c025acf8ed68929caa551df3" "generate-lockfile" "--manifest-path" "Cargo.toml" "-Zno-index-update", kill_on_drop: false }`
[INFO] running `Command { std: "/workspace/cargo-home/bin/cargo" "+cfbc6d4cf1acbac5c025acf8ed68929caa551df3" "fetch" "--locked" "--manifest-path" "Cargo.toml", kill_on_drop: false }`
[INFO] running `Command { std: "docker" "create" "-v" "/var/lib/crater-agent-workspace/builds/worker-5/target:/opt/rustwide/target:rw,Z" "-v" "/var/lib/crater-agent-workspace/builds/worker-5/source:/opt/rustwide/workdir:ro,Z" "-v" "/var/lib/crater-agent-workspace/cargo-home:/opt/rustwide/cargo-home:ro,Z" "-v" "/var/lib/crater-agent-workspace/rustup-home:/opt/rustwide/rustup-home:ro,Z" "-e" "SOURCE_DIR=/opt/rustwide/workdir" "-e" "CARGO_TARGET_DIR=/opt/rustwide/target" "-e" "CARGO_HOME=/opt/rustwide/cargo-home" "-e" "RUSTUP_HOME=/opt/rustwide/rustup-home" "-w" "/opt/rustwide/workdir" "-m" "1610612736" "--user" "0:0" "--network" "none" "rustops/crates-build-env@sha256:a636fd89d022f18117e1dc8fb37a0a009933cdbbe082814857f0e2024962d47c" "/opt/rustwide/cargo-home/bin/cargo" "+cfbc6d4cf1acbac5c025acf8ed68929caa551df3" "metadata" "--no-deps" "--format-version=1", kill_on_drop: false }`
[INFO] [stdout] 1aa26d388b406e374651c6973e625174a4d399801d2e8ec2b3b279610e01d887
[INFO] [stderr] WARNING: Your kernel does not support swap limit capabilities or the cgroup is not mounted. Memory limited without swap.
[INFO] running `Command { std: "docker" "start" "-a" "1aa26d388b406e374651c6973e625174a4d399801d2e8ec2b3b279610e01d887", kill_on_drop: false }`
[INFO] running `Command { std: "docker" "inspect" "1aa26d388b406e374651c6973e625174a4d399801d2e8ec2b3b279610e01d887", kill_on_drop: false }`
[INFO] running `Command { std: "docker" "rm" "-f" "1aa26d388b406e374651c6973e625174a4d399801d2e8ec2b3b279610e01d887", kill_on_drop: false }`
[INFO] [stdout] 1aa26d388b406e374651c6973e625174a4d399801d2e8ec2b3b279610e01d887
[INFO] running `Command { std: "docker" "create" "-v" "/var/lib/crater-agent-workspace/builds/worker-5/target:/opt/rustwide/target:rw,Z" "-v" "/var/lib/crater-agent-workspace/builds/worker-5/source:/opt/rustwide/workdir:ro,Z" "-v" "/var/lib/crater-agent-workspace/cargo-home:/opt/rustwide/cargo-home:ro,Z" "-v" "/var/lib/crater-agent-workspace/rustup-home:/opt/rustwide/rustup-home:ro,Z" "-e" "SOURCE_DIR=/opt/rustwide/workdir" "-e" "CARGO_TARGET_DIR=/opt/rustwide/target" "-e" "CARGO_INCREMENTAL=0" "-e" "RUST_BACKTRACE=full" "-e" "RUSTFLAGS=--cap-lints=forbid" "-e" "CARGO_HOME=/opt/rustwide/cargo-home" "-e" "RUSTUP_HOME=/opt/rustwide/rustup-home" "-w" "/opt/rustwide/workdir" "-m" "1610612736" "--user" "0:0" "--network" "none" "rustops/crates-build-env@sha256:a636fd89d022f18117e1dc8fb37a0a009933cdbbe082814857f0e2024962d47c" "/opt/rustwide/cargo-home/bin/cargo" "+cfbc6d4cf1acbac5c025acf8ed68929caa551df3" "check" "--frozen" "--all" "--all-targets" "--message-format=json", kill_on_drop: false }`
[INFO] [stdout] f389079ac76aaf92f70abfdff2b3ef56154560ab1467bcce9a01208ba899df74
[INFO] [stderr] WARNING: Your kernel does not support swap limit capabilities or the cgroup is not mounted. Memory limited without swap.
[INFO] running `Command { std: "docker" "start" "-a" "f389079ac76aaf92f70abfdff2b3ef56154560ab1467bcce9a01208ba899df74", kill_on_drop: false }`
[INFO] [stderr]    Compiling libc v0.2.76
[INFO] [stderr]     Checking kilo_rust v0.1.0 (/opt/rustwide/workdir)
[INFO] [stdout] error: unexpected token: `...`
[INFO] [stdout]   --> src/read_key.rs:99:15
[INFO] [stdout]    |
[INFO] [stdout] 99 |         if (64...126).contains(byte) {
[INFO] [stdout]    |               ^^^
[INFO] [stdout]    |
[INFO] [stdout] help: use `..` for an exclusive range
[INFO] [stdout]    |
[INFO] [stdout] 99 |         if (64..126).contains(byte) {
[INFO] [stdout]    |               ^^
[INFO] [stdout] help: or `..=` for an inclusive range
[INFO] [stdout]    |
[INFO] [stdout] 99 |         if (64..=126).contains(byte) {
[INFO] [stdout]    |               ^^^
[INFO] [stdout] 
[INFO] [stdout] 
[INFO] [stdout] error[E0554]: `#![feature]` may not be used on the beta release channel
[INFO] [stdout]  --> src/main.rs:1:1
[INFO] [stdout]   |
[INFO] [stdout] 1 | / #![feature(question_mark,
[INFO] [stdout] 2 | |            range_contains,
[INFO] [stdout] 3 | |            inclusive_range_syntax,
[INFO] [stdout] 4 | |            unicode,
[INFO] [stdout] 5 | |            slice_patterns,
[INFO] [stdout] 6 | |            type_ascription)]
[INFO] [stdout]   | |____________________________^
[INFO] [stdout] 
[INFO] [stdout] 
[INFO] [stdout] warning: trait objects without an explicit `dyn` are deprecated
[INFO] [stdout]    --> src/editor.rs:444:25
[INFO] [stdout]     |
[INFO] [stdout] 444 |         let write: &mut io::Write = &mut stdout.lock();
[INFO] [stdout]     |                         ^^^^^^^^^ help: use `dyn`: `dyn io::Write`
[INFO] [stdout]     |
[INFO] [stdout]     = note: `#[warn(bare_trait_objects)]` on by default
[INFO] [stdout] 
[INFO] [stdout] 
[INFO] [stdout] warning: trait objects without an explicit `dyn` are deprecated
[INFO] [stdout]  --> src/read_key.rs:5:33
[INFO] [stdout]   |
[INFO] [stdout] 5 | fn maybe_read_byte(stream: &mut io::Read) -> io::Result<Option<u8>> {
[INFO] [stdout]   |                                 ^^^^^^^^ help: use `dyn`: `dyn io::Read`
[INFO] [stdout] 
[INFO] [stdout] 
[INFO] [stdout] warning: trait objects without an explicit `dyn` are deprecated
[INFO] [stdout]   --> src/read_key.rs:15:27
[INFO] [stdout]    |
[INFO] [stdout] 15 | fn read_byte(stream: &mut io::Read) -> io::Result<u8> {
[INFO] [stdout]    |                           ^^^^^^^^ help: use `dyn`: `dyn io::Read`
[INFO] [stdout] 
[INFO] [stdout] 
[INFO] [stdout] warning: trait objects without an explicit `dyn` are deprecated
[INFO] [stdout]   --> src/read_key.rs:88:26
[INFO] [stdout]    |
[INFO] [stdout] 88 | fn read_csi(stream: &mut io::Read) -> io::Result<Escape> {
[INFO] [stdout]    |                          ^^^^^^^^ help: use `dyn`: `dyn io::Read`
[INFO] [stdout] 
[INFO] [stdout] 
[INFO] [stdout] warning: trait objects without an explicit `dyn` are deprecated
[INFO] [stdout]    --> src/read_key.rs:107:26
[INFO] [stdout]     |
[INFO] [stdout] 107 | fn read_ss3(stream: &mut io::Read) -> io::Result<Escape> {
[INFO] [stdout]     |                          ^^^^^^^^ help: use `dyn`: `dyn io::Read`
[INFO] [stdout] 
[INFO] [stdout] 
[INFO] [stdout] warning: trait objects without an explicit `dyn` are deprecated
[INFO] [stdout]    --> src/read_key.rs:114:33
[INFO] [stdout]     |
[INFO] [stdout] 114 | pub fn read_escape(stream: &mut io::Read) -> io::Result<Escape> {
[INFO] [stdout]     |                                 ^^^^^^^^ help: use `dyn`: `dyn io::Read`
[INFO] [stdout] 
[INFO] [stdout] 
[INFO] [stdout] error: unexpected token: `...`
[INFO] [stdout]   --> src/read_key.rs:99:15
[INFO] [stdout]    |
[INFO] [stdout] 99 |         if (64...126).contains(byte) {
[INFO] [stdout]    |               ^^^
[INFO] [stdout]    |
[INFO] [stdout] help: use `..` for an exclusive range
[INFO] [stdout]    |
[INFO] [stdout] 99 |         if (64..126).contains(byte) {
[INFO] [stdout]    |               ^^
[INFO] [stdout] help: or `..=` for an inclusive range
[INFO] [stdout]    |
[INFO] [stdout] 99 |         if (64..=126).contains(byte) {
[INFO] [stdout]    |               ^^^
[INFO] [stdout] 
[INFO] [stdout] 
[INFO] [stdout] error[E0061]: this function takes 1 argument but 0 arguments were supplied
[INFO] [stdout]    --> src/editor.rs:389:35
[INFO] [stdout]     |
[INFO] [stdout] 389 |                     buf.extend(ch.encode_utf8().as_slice());
[INFO] [stdout]     |                                   ^^^^^^^^^^^- supplied 0 arguments
[INFO] [stdout]     |                                   |
[INFO] [stdout]     |                                   expected 1 argument
[INFO] [stdout] 
[INFO] [stdout] 
[INFO] [stdout] error[E0599]: no method named `as_slice` found for mutable reference `&mut str` in the current scope
[INFO] [stdout]    --> src/editor.rs:389:49
[INFO] [stdout]     |
[INFO] [stdout] 389 |                     buf.extend(ch.encode_utf8().as_slice());
[INFO] [stdout]     |                                                 ^^^^^^^^ method not found in `&mut str`
[INFO] [stdout] 
[INFO] [stdout] 
[INFO] [stdout] error[E0554]: `#![feature]` may not be used on the beta release channel
[INFO] [stdout]  --> src/main.rs:1:1
[INFO] [stdout]   |
[INFO] [stdout] 1 | / #![feature(question_mark,
[INFO] [stdout] 2 | |            range_contains,
[INFO] [stdout] 3 | |            inclusive_range_syntax,
[INFO] [stdout] 4 | |            unicode,
[INFO] [stdout] 5 | |            slice_patterns,
[INFO] [stdout] 6 | |            type_ascription)]
[INFO] [stdout]   | |____________________________^
[INFO] [stdout] 
[INFO] [stdout] 
[INFO] [stdout] error[E0308]: mismatched types
[INFO] [stdout]   --> src/read_key.rs:99:32
[INFO] [stdout]    |
[INFO] [stdout] 99 |         if (64...126).contains(byte) {
[INFO] [stdout]    |                                ^^^^
[INFO] [stdout]    |                                |
[INFO] [stdout]    |                                expected reference, found `u8`
[INFO] [stdout]    |                                help: consider borrowing here: `&byte`
[INFO] [stdout]    |
[INFO] [stdout]    = note: expected reference `&_`
[INFO] [stdout]                    found type `u8`
[INFO] [stdout] 
[INFO] [stdout] 
[INFO] [stderr] error: could not compile `kilo_rust`.
[INFO] [stdout] error: aborting due to 5 previous errors; 6 warnings emitted
[INFO] [stdout] 
[INFO] [stdout] 
[INFO] [stderr] 
[INFO] [stdout] Some errors have detailed explanations: E0061, E0308, E0554, E0599.
[INFO] [stdout] 
[INFO] [stderr] To learn more, run the command again with --verbose.
[INFO] [stdout] For more information about an error, try `rustc --explain E0061`.
[INFO] [stdout] 
[INFO] [stderr] warning: build failed, waiting for other jobs to finish...
[INFO] [stdout] warning: trait objects without an explicit `dyn` are deprecated
[INFO] [stdout]    --> src/editor.rs:444:25
[INFO] [stdout]     |
[INFO] [stdout] 444 |         let write: &mut io::Write = &mut stdout.lock();
[INFO] [stdout]     |                         ^^^^^^^^^ help: use `dyn`: `dyn io::Write`
[INFO] [stdout]     |
[INFO] [stdout]     = note: `#[warn(bare_trait_objects)]` on by default
[INFO] [stdout] 
[INFO] [stdout] 
[INFO] [stdout] warning: trait objects without an explicit `dyn` are deprecated
[INFO] [stdout]  --> src/read_key.rs:5:33
[INFO] [stdout]   |
[INFO] [stdout] 5 | fn maybe_read_byte(stream: &mut io::Read) -> io::Result<Option<u8>> {
[INFO] [stdout]   |                                 ^^^^^^^^ help: use `dyn`: `dyn io::Read`
[INFO] [stdout] 
[INFO] [stdout] 
[INFO] [stdout] warning: trait objects without an explicit `dyn` are deprecated
[INFO] [stdout]   --> src/read_key.rs:15:27
[INFO] [stdout]    |
[INFO] [stdout] 15 | fn read_byte(stream: &mut io::Read) -> io::Result<u8> {
[INFO] [stdout]    |                           ^^^^^^^^ help: use `dyn`: `dyn io::Read`
[INFO] [stdout] 
[INFO] [stdout] 
[INFO] [stdout] warning: trait objects without an explicit `dyn` are deprecated
[INFO] [stdout]   --> src/read_key.rs:88:26
[INFO] [stdout]    |
[INFO] [stdout] 88 | fn read_csi(stream: &mut io::Read) -> io::Result<Escape> {
[INFO] [stdout]    |                          ^^^^^^^^ help: use `dyn`: `dyn io::Read`
[INFO] [stdout] 
[INFO] [stdout] 
[INFO] [stdout] warning: trait objects without an explicit `dyn` are deprecated
[INFO] [stdout]    --> src/read_key.rs:107:26
[INFO] [stdout]     |
[INFO] [stdout] 107 | fn read_ss3(stream: &mut io::Read) -> io::Result<Escape> {
[INFO] [stdout]     |                          ^^^^^^^^ help: use `dyn`: `dyn io::Read`
[INFO] [stdout] 
[INFO] [stdout] 
[INFO] [stdout] warning: trait objects without an explicit `dyn` are deprecated
[INFO] [stdout]    --> src/read_key.rs:114:33
[INFO] [stdout]     |
[INFO] [stdout] 114 | pub fn read_escape(stream: &mut io::Read) -> io::Result<Escape> {
[INFO] [stdout]     |                                 ^^^^^^^^ help: use `dyn`: `dyn io::Read`
[INFO] [stdout] 
[INFO] [stdout] 
[INFO] [stdout] error[E0061]: this function takes 1 argument but 0 arguments were supplied
[INFO] [stdout]    --> src/editor.rs:389:35
[INFO] [stdout]     |
[INFO] [stdout] 389 |                     buf.extend(ch.encode_utf8().as_slice());
[INFO] [stdout]     |                                   ^^^^^^^^^^^- supplied 0 arguments
[INFO] [stdout]     |                                   |
[INFO] [stdout]     |                                   expected 1 argument
[INFO] [stdout] 
[INFO] [stdout] 
[INFO] [stdout] error[E0599]: no method named `as_slice` found for mutable reference `&mut str` in the current scope
[INFO] [stdout]    --> src/editor.rs:389:49
[INFO] [stdout]     |
[INFO] [stdout] 389 |                     buf.extend(ch.encode_utf8().as_slice());
[INFO] [stdout]     |                                                 ^^^^^^^^ method not found in `&mut str`
[INFO] [stdout] 
[INFO] [stdout] 
[INFO] [stdout] error[E0308]: mismatched types
[INFO] [stdout]   --> src/read_key.rs:99:32
[INFO] [stdout]    |
[INFO] [stdout] 99 |         if (64...126).contains(byte) {
[INFO] [stdout]    |                                ^^^^
[INFO] [stdout]    |                                |
[INFO] [stdout]    |                                expected reference, found `u8`
[INFO] [stdout]    |                                help: consider borrowing here: `&byte`
[INFO] [stdout]    |
[INFO] [stdout]    = note: expected reference `&_`
[INFO] [stdout]                    found type `u8`
[INFO] [stdout] 
[INFO] [stdout] 
[INFO] [stdout] error: aborting due to 5 previous errors; 6 warnings emitted
[INFO] [stdout] 
[INFO] [stdout] 
[INFO] [stdout] Some errors have detailed explanations: E0061, E0308, E0554, E0599.
[INFO] [stdout] 
[INFO] [stdout] For more information about an error, try `rustc --explain E0061`.
[INFO] [stdout] 
[INFO] [stderr] error: build failed
[INFO] running `Command { std: "docker" "inspect" "f389079ac76aaf92f70abfdff2b3ef56154560ab1467bcce9a01208ba899df74", kill_on_drop: false }`
[INFO] running `Command { std: "docker" "rm" "-f" "f389079ac76aaf92f70abfdff2b3ef56154560ab1467bcce9a01208ba899df74", kill_on_drop: false }`
[INFO] [stdout] f389079ac76aaf92f70abfdff2b3ef56154560ab1467bcce9a01208ba899df74
